 factor of 532 and 42.
14
What is the highest common divisor of 480 and 1056?
96
Calculate the highest common factor of 6 and 174.
6
Calculate the greatest common factor of 102 and 2091.
51
Calculate the highest common divisor of 7581 and 3.
3
What is the highest common divisor of 30 and 18?
6
Calculate the highest common divisor of 6420 and 60.
60
Calculate the highest common divisor of 8 and 4388.
4
Calculate the highest common divisor of 104 and 143.
13
What is the greatest common factor of 80 and 530?
10
What is the highest common divisor of 180 and 198?
18
What is the highest common factor of 298 and 2?
2
Calculate the highest common divisor of 66 and 550.
22
What is the greatest common divisor of 16461 and 279?
279
Calculate the highest common factor of 50 and 3950.
50
Calculate the greatest common factor of 189 and 217.
7
Calculate the greatest common divisor of 47 and 22513.
47
Calculate the highest common divisor of 903 and 4257.
129
Calculate the highest common factor of 13 and 8411.
13
What is the greatest common divisor of 500 and 5875?
125
Calculate the highest common divisor of 20466 and 108.
54
What is the greatest common factor of 529 and 23?
23
Calculate the highest common factor of 21 and 1.
1
Calculate the greatest common factor of 44 and 99.
11
Calculate the highest common factor of 956 and 4.
4
What is the highest common divisor of 48 and 4308?
12
Calculate the highest common factor of 18 and 1278.
18
Calculate the highest common divisor of 55982 and 46.
46
What is the highest common factor of 15553 and 309?
103
Calculate the highest common factor of 22 and 187.
11
What is the highest common factor of 676 and 117?
13
What is the highest common divisor of 77 and 352?
11
What is the greatest common factor of 528 and 2673?
33
What is the highest common factor of 7 and 133?
7
Calculate the greatest common divisor of 703 and 740.
37
What is the greatest common divisor of 2387 and 31?
31
Calculate the highest common divisor of 63279 and 79.
79
What is the greatest common factor of 96 and 540?
12
Calculate the highest common factor of 160 and 64.
32
Calculate the highest common divisor of 968 and 1144.
88
What is the highest common divisor of 1 and 193?
1
What is the highest common factor of 2763 and 18?
9
Calculate the highest common divisor of 4985 and 5.
5
What is the highest common divisor of 72 and 252?
36
Calculate the greatest common factor of 407 and 74.
37
What is the highest common factor of 29 and 1305?
29
What is the highest common factor of 154 and 70?
14
What is the highest common factor of 133 and 1444?
19
What is the greatest common factor of 1763 and 697?
41
Calculate the highest common factor of 11630 and 20.
10
What is the greatest common divisor of 357 and 21?
21
What is the highest common divisor of 2375 and 19?
19
What is the highest common factor of 335 and 2747?
67
Calculate the greatest common divisor of 196 and 5292.
196
What is the greatest common divisor of 32 and 304?
16
Calculate the highest common divisor of 38 and 152.
38
Calculate the highest common factor of 3298 and 97.
97
Calculate the greatest common divisor of 412 and 108.
4
What is the highest common divisor of 128 and 184?
8
Calculate the highest common divisor of 114 and 323.
19
What is the highest common factor of 7848 and 192?
24
Calculate the highest common divisor of 2261 and 76.
19
What is the greatest common divisor of 75 and 2025?
75
What is the highest common divisor of 640 and 720?
80
Calculate the highest common factor of 48 and 176.
16
What is the highest common divisor of 52 and 6994?
26
Calculate the highest common factor of 78 and 17394.
78
Calculate the greatest common factor of 30 and 4440.
30
Calculate the highest common factor of 605 and 1573.
121
What is the greatest common divisor of 297 and 132?
33
What is the highest common divisor of 485 and 388?
97
Calculate the highest common divisor of 126 and 322.
14
Calculate the highest common divisor of 2596 and 4.
4
What is the highest common factor of 1575 and 819?
63
Calculate the highest common divisor of 15750 and 600.
150
Calculate the highest common factor of 2414 and 136.
34
What is the highest common factor of 570 and 798?
114
What is the highest common divisor of 11124 and 108?
108
Calculate the highest common divisor of 237 and 39.
3
Calculate the greatest common factor of 6 and 6.
6
What is the highest common divisor of 2567 and 17?
17
Calculate the greatest common factor of 1404 and 1092.
156
Calculate the greatest common divisor of 68 and 1088.
68
What is the greatest common factor of 460 and 5?
5
Calculate the greatest common divisor of 80 and 1160.
40
What is the highest common factor of 473 and 66?
11
Calculate the greatest common divisor of 4 and 92.
4
Calculate the greatest common factor of 965 and 5597.
193
Calculate the greatest common factor of 60 and 2514.
6
What is the highest common factor of 178 and 10502?
178
What is the greatest common factor of 65 and 5?
5
What is the highest common divisor of 4867 and 31?
31
What is the greatest common factor of 30 and 9?
3
What is the greatest common factor of 152 and 2?
2
Calculate the highest common divisor of 2 and 2168.
2
What is the greatest common factor of 783 and 116?
29
Calculate the highest common divisor of 15 and 5.
5
Calculate the highest common factor of 99 and 132.
33
What is the highest common divisor of 8 and 1592?
8
Calculate the greatest common factor of 1 and 64.
1
Calculate the greatest common divisor of 4194 and 144.
18
Calculate the highest common divisor of 24 and 516.
12
Calculate the greatest common divisor of 1786 and 846.
94
Calculate the greatest common divisor of 10 and 3240.
10
What is the highest common divisor of 338 and 3?
1
Calculate the highest common divisor of 31 and 4.
1
What is the greatest common divisor of 54 and 2241?
27
What is the greatest common divisor of 108 and 84?
12
What is the highest common divisor of 51 and 7599?
51
What is the highest common divisor of 504 and 280?
56
What is the highest common divisor of 15140 and 40?
20
Calculate the highest common divisor of 12 and 68.
4
What is the greatest common factor of 480 and 2480?
80
Calculate the highest common factor of 37730 and 55.
55
What is the greatest common factor of 2507 and 46?
23
Calculate the greatest common factor of 3 and 573.
3
What is the greatest common divisor of 180 and 90?
90
What is the greatest common factor of 328 and 8?
8
Calculate the highest common divisor of 462 and 126.
42
Calculate the greatest common divisor of 13386 and 138.
138
Calculate the highest common divisor of 54 and 270.
54
What is the highest common divisor of 480 and 2720?
160
What is the highest common factor of 4 and 268?
4
Calculate the highest common divisor of 5 and 77.
1
Calculate the greatest common divisor of 320 and 176.
16
Calculate the highest common divisor of 100 and 80.
20
What is the highest common divisor of 155 and 31?
31
What is the highest common divisor of 420 and 756?
84
Calculate the highest common divisor of 63 and 917.
7
Calculate the highest common factor of 3 and 113.
1
What is the greatest common divisor of 567 and 1260?
63
Calculate the greatest common factor of 492 and 36.
12
What is the highest common factor of 3492 and 24?
12
What is the highest common divisor of 1065 and 120?
15
What is the highest common divisor of 2560 and 16?
16
Calculate the highest common divisor of 2263 and 146.
73
What is the greatest common factor of 26 and 728?
26
Calculate the greatest common factor of 147 and 182.
7
Calculate the greatest common divisor of 518 and 14.
14
Calculate the greatest common factor of 434 and 62.
62
Calculate the highest common divisor of 57 and 3819.
57
Calculate the highest common divisor of 38 and 475.
19
Calculate the greatest common divisor of 2036 and 52.
4
Calculate the greatest common factor of 627 and 792.
33
What is the greatest common factor of 6 and 267?
3
Calculate the greatest common factor of 12 and 12.
12
What is the greatest common divisor of 375 and 4050?
75
What is the highest common factor of 184 and 13708?
92
What is the greatest common factor of 186 and 88071?
93
Calculate the greatest common factor of 3638 and 102.
34
What is the greatest common divisor of 609 